se -4*r - 65 = o, -7*o - 21 = r - 2*o. Let h = r - -18. Let b(m) = 48*m**2 - 4*m + 3. Is b(h) prime?
False
Let q = -9 - -11. Suppose 0 = q*n - 4 - 0. Suppose n*a = 258 + 8. Is a composite?
True
Suppose -22*j = -19*j - 15573. Is j prime?
False
Suppose 3*i + 5*y + 5 = -19, -3*i = 2*y + 24. Let j be (4710/(-3))/(i/4). Let v = 1434 - j. Is v prime?
False
Let w = 21380 + -15007. Is w composite?
False
Is (40/(-90))/(2/(-36819)) a composite number?
True
Let q be ((-469)/14)/(3/12). Let t = q + 345. Is t prime?
True
Let f = 185 - -46. Let w = f - -124. Is w a prime number?
False
Suppose -6*j + 5*j = 1153. Let h = j - -1932. Is h a prime number?
False
Suppose -4*i - 3*j = -8*j + 29, -40 = 5*i - 5*j. Let f be 2289/(-4)*44/i. Suppose 4*s + 905 = f. Is s prime?
False
Let w be (-36)/(-27)*(0 - -3). Suppose -2*q + 5 = -m, 2 = 2*m + 3*q - w*q. Suppose -x - m*x + 776 = 0. Is x a composite number?
True
Suppose -20562 = -9*c + 3*c. Is c composite?
True
Let h(j) = 86*j**2 - 52*j + 31. Is h(-15) prime?
True
Let y = 8 - 5. Suppose 5*m - y*i = 36, 4 = m - 2*i - 6. Is ((-67)/m)/(3/(-18)) composite?
False
Let a = 16 + -14. Is (641 - a) + -3 + 5 prime?
True
Suppose 15*t - 3563 - 7912 = 0. Let c = 2 - -1. Suppose 4 = 3*j - c*s - 758, -3*j + 2*s = -t. Is j a composite number?
False
Let r be 16/40 + 2/(-5). Let t(c) = -c**3 - c**2 + 2. Let b be t(r). Suppose -193 = -4*n + 3*h, n + h - b*h = 49. Is n prime?
False
Suppose -30 = 5*z - 150. Is 8/z + 164/3 prime?
False
Suppose 0 = 5*n - k + 4*k - 72, 0 = k + 1. Let z(c) = 14 - 3 - 9*c + 23*c + 2. Is z(n) composite?
False
Let h(v) = 72*v + 8. Let d(f) = -73*f - 9. Let a(x) = 3*d(x) + 2*h(x). Let s(z) = -75*z - 12. Let m(r) = 5*a(r) - 4*s(r). Is m(-6) a composite number?
False
Suppose -36407 = -5*q + 4*i, 11*i - 10 = 6*i. Is q composite?
False
Let o(u) = -417*u + 191. Is o(-64) a composite number?
False
Let t = -78 + 77. Is (4701/(-6))/((2*t)/4) prime?
True
Suppose -w + 3*l - 210 = 0, 0 = -5*w + l - 0*l - 1092. Let y be 2158/7 - (-4)/(-14). Let b = y + w. Is b composite?
False
Let b(l) = -l. Let t be ((-3)/(-1))/3 - 4. Let s be b(t). Is s/4 + 273/4 a composite number?
True
Let f be (50/40)/(1/4). Suppose w + 3*y + 0*y = 40, f*w + 4*y = 189. Is w a composite number?
False
Suppose -12 = -2*g - 2. Suppose -5*t + 515 = -g. Suppose -4*p + t = -0*p. Is p prime?
False
Suppose 2*a - 5*u - 12 = 0, a + u - 12 = -a. Suppose -5*w - 3*j - 2 = -0*w, -j + a = 5*w. Suppose 0 = -4*t + 2*i + 466, -w*i + 5 = -i. Is t composite?
True
Let z(c) = -46*c + 63. Let m(d) = 140*d - 189. Let k(b) = -6*m(b) - 17*z(b). Is k(-6) a prime number?
False
Let s(i) be the second derivative of -4*i**3 + 41*i**2/2 - 15*i. Is s(-12) a composite number?
True
Suppose 2*j - 3311 = 1575. Is j a prime number?
False
Suppose -5*m - 36 = -4*z, 5*z + m + 3*m = 4. Suppose -z*u - 2*c = -1554, -u + 3*c + c = -393. Is u a composite number?
False
Let f(u) = -199*u + 3. Let y be 5 + -6 + (-1 - 0) + 0. Is f(y) composite?
False
Let q(k) = k**3 + 6*k**2 + 10*k + 12. Let o be q(-4). Suppose -o*s + 9733 = 3*x, -9758 = -4*s - 3*x + 5*x. Is s composite?
False
Let m be (12/(-14))/((-17)/(-119)). Let p = m - -10. Suppose n - i + 5 - 127 = 0, -p*n = -3*i - 493. Is n a prime number?
True
Let f = -1320 - -5137. Is f a prime number?
False
Suppose -28 = -3*v + 5*g, -3*v - 5*g = -v + 23. Is v - -1446 - 4 - 20/5 composite?
False
Let l(y) be the third derivative of y**5/60 - 3*y**4/4 + 17*y**3/3 + 35*y**2. Is l(19) composite?
False
Let s(c) = c**3 - 10*c**2 - 18*c - 2. Let f be s(14). Suppose 4*z + f = 2478. Is z a composite number?
False
Suppose 5*r - 6979 = -4*y, -2*y - 2*r + 5229 = y. Let h = y - -564. Is h a prime number?
False
Let a(n) = 269*n - 9. Let w be a(4). Suppose 3*s - 3*x = 3249, -s - 3*x = -0*x - w. Is s a prime number?
False
Suppose 5*t + r = 13038, -3*t + 13050 = 2*t - 5*r. Is (t - 2)*1 - -3 composite?
False
Let k(p) = 2*p**3 - 12*p**2 - 16*p + 13. Let w be k(10). Suppose 5*d = -w + 2748. Is d a composite number?
False
Let w be (8 + -74)*26/(-6). Suppose -4*i + w = -2*i. Is i a prime number?
False
Let g(l) = l**2 - l - 5. Let w be g(-4). Suppose w*z = 13*z + 7318. Is z prime?
True
Let l = -224 - -568. Let a be 3/7 + -9 + (-2430)/(-14). Let s = l - a. Is s a prime number?
True
Let f(t) = t - 3. Let d = 15 + -12. Let g be f(d). Is (g + -159)*(-2)/6 a composite number?
False
Let b(u) be the second derivative of -89*u**3/6 + 4*u**2 + 13*u. Is b(-7) a prime number?
True
Let a be (-1)/(-2) - 639/(-2). Let s be (-12)/21 - (-436)/28. Let n = a - s. Is n a composite number?
True
Suppose 0*r + 1 = -5*k + 2*r, r = 3*k. Is k/4 + (-5815)/(-20) prime?
False
Let d(m) = -10*m**2 - 61*m - 1. Let z be d(-6). Suppose 2*s = 2*r - 75 - 17, 4*r + 3*s = 163. Suppose z*h - r - 302 = 0. Is h a prime number?
False
Is 25126 - (-2 - (-9)/(-3)) composite?
True
Let i = 268 + 399. Is i prime?
False
Let l be (-6)/(-1) - (1 - 4). Let v be (9/(-6))/(l/(-516)). Is (3 - 4) + v*1 composite?
True
Suppose y - 116 = 5*j, -4*j - 468 = -5*y + 7. Let q = 96 + y. Is q a composite number?
True
Let c = 49 - 24. Let q be 10/50 + 142/(-10). Let t = c + q. Is t a prime number?
True
Let g = -128 + 447. Is g a prime number?
False
Suppose 1617 = 4*y - 14579. Is y prime?
True
Let u(z) = -z**3 + 11*z**2 - 10*z + 3. Let q be u(10). Let c be -2 + (9 - q) + -3. Is -1 - (-53 - (2 + c)) a composite number?
True
Is (23/(69/(-6)))/(4/(-96434)) composite?
True
Let j(l) = -l**2 - 4*l + 4. Let y be j(-3). Let w be 125/(-1) - (y + -8). Let d = 375 + w. Is d a prime number?
True
Let p = -593 - -1336. Is p composite?
False
Let p(k) = 810*k + 7. Is p(3) a prime number?
True
Suppose 3*v + 5*z - 256 = 0, -2*z - 48 - 19 = -v. Suppose 2*w - w - v = 0. Is w prime?
False
Suppose -2*z - 8 = -6*z. Let o be (-1)/(3 - 0)*-3141. Suppose z*q - o = -5*g + 6*q, -631 = -3*g + q. Is g prime?
True
Suppose 710 = 4*r + 2*v - 9430, 5*r - 5*v - 12675 = 0. Suppose 1377 = 8*s - r. Is s a composite number?
True
Suppose 0 = -s + 13 + 172. Suppose -4*l = -y - s, 0 = 3*l - 6*l - 5*y + 156. Is l prime?
True
Let p(q) be the first derivative of -q**2/2 - 5*q + 2. Let g be p(-6). Is (5 - 6) + 11 + g a composite number?
False
Let y be 16/(-6) + 13/(-39). Is (-1)/(y/5259*1) a prime number?
True
Let l(w) = -w**3 + w**2 - 4*w + 6. Let g(j) = -j**3 + j**2 - 5*j + 6. Let t(x) = 5*g(x) - 6*l(x). Let u = 11 - 6. Is t(u) composite?
False
Let l(t) = 10*t + 194. Let w be l(-19). Suppose -101 = -2*b - x, -5*b - 2*x + 12 + 242 = 0. Suppose w*a = 2*j - b - 12, 0 = 3*a - 9. Is j a composite number?
True
Let q be 5 + (-2 - -1) + 2. Is 1/q + 68130/108 a prime number?
True
Is -1 + 67287/44 + 3/4 a prime number?
False
Let v = -15 + 12. Let b be (-2)/v*18/2. Suppose m = 19 + b. Is m a prime number?
False
Suppose -1207 - 1247 = -5*w - c, -4*w + 1959 = 5*c. Is w composite?
False
Let b be (3 - 4)/1*-2. Suppose -5*p + b*p + 381 = 0. Is p composite?
False
Suppose -4*v - 8 = -5*b - 3*v, -2*v + 4 = 0. Suppose -4*j + 528 = -l, -2*j + 123 = -j + b*l. Is j a composite number?
False
Let k(w) = 2*w**2 + 13*w - 2. Let j be k(-7). Suppose 15 = j*c - 115. Is c prime?
False
Suppose 1672 = 2*o - 22246. Is o a composite number?
False
Let p(r) = r**3 + 4*r**2 - 2*r - 7. Let o = 1 - 5. Let b be p(o). Is b + (-1 - (-129)/1) composite?
True
Let o(f) = f**3 + 12*f**2 + 21*f + 15. Let c be o(-10). Suppose 0*u - 9215 = -c*u. Is u a prime number?
False
Let k(g) = -309*g**3 - 6*g**2 - 12*g + 4. Is k(-3) a composite number?
False
Let y be ((-16)/(-24))/((-2)/(-27)). Let h be 1*-422*(y + -10). Suppose w + g = -0*w + 86, h = 5*w - 3*g. Is w a prime number?
False
Let z(h) = 583*h + 339. Is z(34) a prime number?
True
Let w = 0 + 0. Let z = w - -6. Is (460/z)/((-4)/(-6)) prime?
False
Suppose 2*n = 8 - 34. Let y = 15 + n. Suppose -4*x + 2*f = 6*f - 500, -y*x - 5*f = -256. Is x a prime number?
False
Suppose 11*s = 27 + 28. Suppose 1226 + 259 = s*g + t, 3*g - 884 = -2*t. Is g composite?
True
Let c(x) = 2*x**3 + 1 + 2*x**3 - 14*x**2 - 5 - 9*x. Let y(j) = -j**3 + j**2 + j. Let b(i) = c(i) + 2*y(i). Is b(9) a composite number?
False
Suppose 2*s = s + 682. Suppose -3*t - s + 7 = 0. Let o = -132 - t. Is o a prime number?
False
Suppose -37207 = -20*m + 584493. Is m composite?
True
Let n be -15*3/(18/(-8)). Suppose 2*p + n = 6*p. Is (-